it of m?
1
What is the units digit of (-4)/(-2)*((-572)/(-4) - -3)?
2
Let y = 12 + -16. Let b be -2 - y - (-142 - 0). What is the units digit of b/5 + (-6)/(-30)?
9
Suppose 3*v + 22*v = 17975. What is the units digit of v?
9
Let u(b) = -2*b - 24*b**3 + 6 + 10*b**3 + 16*b**3 - 7*b**2. What is the tens digit of u(5)?
7
Let v(y) = -y**2 + 7*y + 1. Let m be v(7). Let x(f) = 26*f**2 + 1. Let g be x(m). What is the units digit of (2 - -12)*g/6?
3
Suppose 0 = -24*r + 4419 + 2973. What is the units digit of r?
8
Suppose -x + 16 = -3. Let g = 55 - x. What is the tens digit of g?
3
Let c(b) = -b**3 + 37*b**2 - 5*b - 145. What is the tens digit of c(36)?
7
Suppose 972 = 2*x + 7*x. Suppose o - 5*f - 80 = 0, f = -o - f + x. What is the units digit of o?
0
Let k be -3 - ((-6)/3 + 1). Let d = k - -20. What is the units digit of d?
8
Suppose -2*g + 4*g = 138. Suppose -5*y + m + g = 0, -y - 2*m = -m - 15. Suppose 3*t + y = 113. What is the units digit of t?
3
Suppose 5*z + 3*i = 11494, -10*z + 2*z + i + 18373 = 0. What is the hundreds digit of z?
2
Suppose -48*x - 12533 = -61061. What is the thousands digit of x?
1
Let a(b) = -b**3 + 8*b**2 - 3*b - 5. Let q be 14*(21/6)/7. What is the units digit of a(q)?
3
Let f(l) = 5*l**2 + 21*l - 70. What is the units digit of f(4)?
4
Suppose 193*v = 191*v - 2. Let l(x) = 1 - 11*x + 3 - 2. What is the tens digit of l(v)?
1
Suppose 22*a = 18*a + 256. Let b = 97 - a. Let n = b + 7. What is the units digit of n?
0
What is the hundreds digit of (12 + -10 - 1) + 4778?
7
Let i = -25 + 29. Suppose 0 = 4*j, -i*k + 9*k + 5*j - 205 = 0. What is the units digit of k?
1
Let o(h) = -22*h**3 - 3*h**2 + 5*h - 2. Let z be o(2). Let x = z + 299. What is the tens digit of x?
1
Let y(h) be the first derivative of 9*h**4/4 - 2*h**3/3 + h**2/2 - 12. Let f be y(1). What is the units digit of ((-20)/f)/((-2)/4)?
5
Let x = 101 + -63. Suppose 0 = -5*a + 5*p + 350, a - 30 = -p + x. What is the tens digit of a?
6
Let c(g) be the second derivative of 0 + 1/6*g**3 - 1/4*g**4 + 1/20*g**5 - g**2 - 8*g. What is the units digit of c(3)?
1
Suppose 4*p - 55 = 6*k - k, -4*k = -p + 11. What is the units digit of (-36)/p*510/(-9)?
6
What is the tens digit of (-13)/(104/16) + 486?
8
Let y(z) = z - 7. Let h be y(10). What is the units digit of (h - -59) + 16/4?
6
Suppose -28 + 8 = -5*a. Suppose 0 = -2*o + a*z + 97 + 7, -4*o - 2*z = -218. What is the tens digit of o?
5
Let f(a) = 11*a + 1. Let s(t) = 3*t**2 + 6*t - 13*t**2 - 4 + 4*t**2 + 3*t**3 - 2*t**3. Let i be s(5). What is the tens digit of f(i)?
1
Suppose 16 - 124 = 6*l. Let q = l - -7. Let o = 19 + q. What is the units digit of o?
8
Let c(z) = -z**3 + 14*z + 2 + 13*z**2 + 4 + z + z**2. What is the units digit of c(15)?
6
Let f(t) = 7*t**3 - t**2 - 11*t + 21. Let d be f(2). Let p = 64 + d. What is the tens digit of p?
1
Suppose 5*j = t + 23, 0 = 4*j - 2*t - 10 - 6. Suppose 4*o = -0*o - d, -3*o = -j*d - 23. What is the units digit of o?
1
Let r(s) = 2*s**3 - 30*s**2 + 28*s - 28. What is the hundreds digit of r(15)?
3
Let x = 12 - 12. Suppose 0*z + 2*z = x. Suppose -5*v + 86 + 89 = z. What is the tens digit of v?
3
Let b(j) = -j**2 - 6*j - 5. Let y be b(-2). Suppose 2*c + 13 = a, -6*c = -2*a - y*c + 22. What is the units digit of a?
5
Let a(f) = -4*f**3 + 2*f**2 + 2*f. Let h be a(-2). Suppose h = 4*s + l - 243, s + 5*l = 84. Suppose -o + s = 10. What is the units digit of o?
9
Let u = 195 + 166. Let v = u - 221. What is the tens digit of v?
4
Suppose 2*q = 4*p - 2638, -1996 = -3*p + 9*q - 4*q. What is the tens digit of p?
5
Let k(j) = 13*j**2 - 40*j + 198. What is the units digit of k(15)?
3
Suppose 2*u = -3*p + 553, -4*p - 3*u - 220 + 956 = 0. What is the units digit of p?
7
Suppose 0 = 3*m + m + 2*v - 946, -2*m = 4*v - 470. What is the tens digit of m?
3
Suppose -3*f = -506 - 2176. What is the tens digit of f?
9
What is the tens digit of (-30)/6 + 9/(27/276)?
8
Let r be (-74)/4 + 9/(-6). Let q = r + 24. Suppose q*w = -w + 10. What is the units digit of w?
2
Let y be (-3)/(-5) + 351/15. Let f = 84 - y. Suppose f = s + 2*s. What is the units digit of s?
0
Let h be 0/(5/1) - 6. What is the units digit of -2*3/h + 150?
1
What is the hundreds digit of 297 - (-9)/(18/(-8))?
2
Suppose 3*v - 3*w + 21 = 0, 16 = -2*v - 2*w + 2. Let g(k) = 3*k**2 + 5*k - 18. What is the tens digit of g(v)?
9
Let r = 468 - 554. Suppose -m - 131 = -2*m. Let p = r + m. What is the tens digit of p?
4
Let t(m) = 274*m + 7. Let l be t(1). Let o = l + -187. What is the units digit of o?
4
Let l(s) = -s**3 + 6*s**2 - s - 10. Let o be l(5). What is the tens digit of (-232)/(-9) + ((-140)/(-63))/o?
2
What is the tens digit of ((-2)/(-8))/((-12)/(-20112))?
1
Let i be (-3085)/3 + (-6)/(-18). Let q be i/(-9) + (-4)/18. What is the tens digit of q/7 - (-4)/(-14)?
1
Let f be (1 + -3)*(-28)/7. Let n be 2/(-4)*f + 4. What is the units digit of (n - (-70)/(-3))*-3?
0
Suppose 46*o = 50*o - 12. Let x = o - -46. What is the tens digit of x?
4
Let t be ((-3)/(-6))/((-3)/(-12)). Suppose -5*i + 42 = s - 3*s, 5*s = t*i. Let z = i - 4. What is the units digit of z?
6
Suppose 4*s = -u - 1 - 2, 0 = -2*s + 5*u - 7. Let d(x) be the second derivative of -3*x**3 + x**2/2 - 2*x. What is the units digit of d(s)?
9
Let o = 5920 - 4103. What is the units digit of o?
7
Suppose -16*x + 13852 = 156. What is the hundreds digit of x?
8
Suppose 4*s = 2*k + k - 3169, 0 = 2*k - 5*s - 2108. What is the thousands digit of k?
1
Suppose -8*m = -14*m + 7464. What is the hundreds digit of m?
2
Let k(m) = -41*m + 4. Let o be k(-2). Let b = o - 29. What is the tens digit of b?
5
Let o(b) be the first derivative of -b**4/4 + 8*b**3/3 + 4*b**2 - 6*b + 3. Let x = 23 + -15. What is the tens digit of o(x)?
5
Let y be -2 - (-4)/(-4) - -27. Let q be ((-32)/y)/((-1)/3). What is the tens digit of -3*q/24*-38?
1
Let p = -10 + 45. Let x = -31 + p. What is the tens digit of 13 + -1 + 4 - x?
1
Let q(z) = -383*z - 4. What is the thousands digit of q(-3)?
1
What is the hundreds digit of 7512*(20/(-16) + 2)?
6
Let g = 4515 - 2167. What is the thousands digit of g?
2
Let v(h) = -7*h + 21. Let w be v(-7). What is the units digit of 10/(-4)*(-1736)/w?
2
Suppose 0 = -4*j + 3*g + 3, -2*j + 2*g + 2 = -4*j. Suppose j = n - 14 - 9. Suppose 5*s - 42 - n = 0. What is the tens digit of s?
1
Let l be (-62 - 2)*2*(-12)/8. Let z = l + -90. What is the hundreds digit of z?
1
Let u = 877 + 3257. What is the thousands digit of u?
4
Let r = -2589 + 4580. What is the units digit of r?
1
Let l(g) = -2*g + 4*g**2 - 3*g**2 + g. Let h be l(-1). Suppose -h*f - 32 + 96 = 0. What is the units digit of f?
2
Let p(i) = 2*i + 8. Let q be p(-6). Let w(o) = -3*o + 6. Let l be w(q). Let f = -14 + l. What is the units digit of f?
4
Let v(i) = -i**3 + 53. Let t be v(0). Let p = t - -41. Let k = -49 + p. What is the units digit of k?
5
Suppose -118 = 2*z - 7*z + 3*w, -z - 5*w + 18 = 0. Suppose z - 7 = 4*f. What is the units digit of 1*-1 + 27 + f?
0
Let j be 14/56 - 66/8. Let n = 12 + j. Suppose 203 = n*l - 1. What is the tens digit of l?
5
Suppose 0 = -2*y + 35 + 49. Suppose -4*h = -0*h + 12. Let b = h + y. What is the tens digit of b?
3
Suppose 1559 + 831 = 5*l. What is the hundreds digit of l?
4
Let w be 3 + -3 + -2 + 1. Let a(b) = -13*b**3 + b**2 - b - 1. Let d be a(w). Suppose 0*v + v = d. What is the units digit of v?
4
Let q(x) = 25 + 6*x - 24 + 0*x. Let z be q(1). What is the tens digit of z + -4 - (-32 + 1)?
3
What is the units digit of (-2 - 6)*(-25002)/48?
7
Suppose -9*n = -3547 - 1664. What is the tens digit of n?
7
Suppose 0 = d, -3*q + 54 = 4*d - 9*d. What is the units digit of (q/(-45))/((-2)/80)?
6
Let b(h) = -h**3 + 4*h**2 - h + 2. Let j be b(4). Let k be 108/18 - (-2)/j. What is the units digit of (-31 - -3)/(4 - k)?
8
Let p be (2 - 0)*(-8 - (-4)/(-1)). Let r = p - -84. What is the tens digit of r?
6
Suppose 91*j - 95*j + 3108 = 0. What is the tens digit of j?
7
Let o = 1272 + -755. What is the units digit of o?
7
What is the hundreds digit of 11290/25 - (-6)/15?
4
Let n = -23 + 0. Let w = n + 26. Suppose -z = -8 + 3, w*c - 4*z = 61. What is the tens digit of c?
2
Let o be (-3)/(-4)*22*8. Let g = o - 58. What is the tens digit of g?
7
Let j(n) = 14*n + 13*n + n - 5*n - 3. Let g be j(-8). What is the tens digit of 